{"id":14,"date":"2024-08-02T14:43:57","date_gmt":"2024-08-02T14:43:57","guid":{"rendered":"https:\/\/staedler.info\/?page_id=14"},"modified":"2024-08-03T10:09:52","modified_gmt":"2024-08-03T10:09:52","slug":"wahlen2024","status":"publish","type":"page","link":"https:\/\/staedler.info\/stadtparlamentswahlen-2024-michael\/wahlen2024\/","title":{"rendered":"STADTPARLAMENTSWAHLEN 2024"},"content":{"rendered":"\n\n\n<div class=\"wp-block-cover alignfull is-light has-small-font-size\" style=\"margin-top:0;padding-top:6vw;padding-right:6vw;padding-bottom:6vw;padding-left:6vw\"><span aria-hidden=\"true\" class=\"wp-block-cover__background has-background-dim-100 has-background-dim\" style=\"background-color:#eb4c77\"><\/span><div class=\"wp-block-cover__inner-container is-layout-flow wp-block-cover-is-layout-flow\">\n<div class=\"wp-block-group is-content-justification-center is-layout-flex wp-container-core-group-is-layout-6546ee5a wp-block-group-is-layout-flex\">\n<div class=\"wp-block-group alignwide wp-container-content-ceb7f5b3 is-content-justification-left\"><div class=\"wp-block-group__inner-container is-layout-constrained wp-container-core-group-is-layout-9aeb1ad9 wp-block-group-is-layout-constrained\">\n<h2 class=\"wp-block-heading alignwide has-text-align-left has-contrast-color has-text-color\" style=\"font-size:90px;font-style:normal;font-weight:500;line-height:0.9;text-transform:none\">STADT<br>PARLAMENTS<br>WAHLEN <br>2024<\/h2>\n\n\n\n<div class=\"wp-block-group alignwide is-vertical is-layout-flex wp-container-core-group-is-layout-8cf370e7 wp-block-group-is-layout-flex\">\n<div style=\"height:0px\" aria-hidden=\"true\" class=\"wp-block-spacer wp-container-content-541a6b20\"><\/div>\n\n\n\n<figure class=\"wp-block-image size-large wp-duotone-grayscale\"><img loading=\"lazy\" decoding=\"async\" width=\"1024\" height=\"1024\" src=\"https:\/\/staedler.info\/wp-content\/uploads\/2024\/08\/Michael-Staedler-1-1024x1024.png\" alt=\"\" class=\"wp-image-19\" srcset=\"https:\/\/staedler.info\/wp-content\/uploads\/2024\/08\/Michael-Staedler-1-1024x1024.png 1024w, https:\/\/staedler.info\/wp-content\/uploads\/2024\/08\/Michael-Staedler-1-300x300.png 300w, https:\/\/staedler.info\/wp-content\/uploads\/2024\/08\/Michael-Staedler-1-150x150.png 150w, https:\/\/staedler.info\/wp-content\/uploads\/2024\/08\/Michael-Staedler-1-768x768.png 768w, https:\/\/staedler.info\/wp-content\/uploads\/2024\/08\/Michael-Staedler-1.png 1080w\" sizes=\"auto, (max-width: 1024px) 100vw, 1024px\" \/><\/figure>\n<\/div>\n\n\n\n<p class=\"has-text-align-left has-contrast-color has-text-color has-medium-font-size\"><strong>LISTE 1.23<br>WAHLEN STADT ST.GALLEN | 22. SEPTEMBER 2024<\/strong><\/p>\n\n\n\n<p class=\"has-medium-font-size\">Ich bin seit mehr als 20 Jahren mit der SP Stadt St.Gallen verbunden. Es freut mich, dass die Partei mir und den \u00fcbrigen Kandidat:innen das Vertrauen ausgesprochen hat, ihre Werte f\u00fcr eine soziale, offene, \u00f6kologische, klimavertr\u00e4gliche, solidarische, freie und demokratische Gesellschaft und eine Stadt f\u00fcr ALLE im Wahlkampf zu verteidigen. <br>Mir ist es ein Anliegen, dass die Politik und die Beh\u00f6rden einen Ausgleich zur aufkommenden neokapitalistischen und teilweise auch egoistischen Entwicklung in unserer Gesellschaft schaffen. <br>Das Parlament und der Stadtrat haben die Aufgabe, die Stadt und ihre Bev\u00f6lkerung zu st\u00e4rken und gute Rahmenbedingungen f\u00fcr ALLE zu gew\u00e4hrleisten. Hierf\u00fcr m\u00f6chte ich mich im Parlament einsetzen!<br><\/p>\n\n\n\n<div class=\"wp-block-buttons is-content-justification-left is-nowrap is-layout-flex wp-container-core-buttons-is-layout-6447b855 wp-block-buttons-is-layout-flex\">\n<div class=\"wp-block-button has-custom-width wp-block-button__width-100 has-custom-font-size has-medium-font-size\"><a class=\"wp-block-button__link has-text-align-left wp-element-button\" style=\"border-radius:15px\">\u00dcBER MICH<br>____<br>Alter: Ich bin 48 Jahre alt \u2013 Jahrgang 1976<br>____<br>Familie: Seit 18 Jahren verheiratet und Vater von vier Kindern 10, 15, 17, 19 Jahre)<br>____<br>Ausbildung und Arbeit: Urspr\u00fcnglich habe ich eine Lehre als Coiffeure und nebenbei noch die BMS gestalterische Fachrichtung gemacht. Anschliessend durfte ich drei Jahre lang am Theater St.Gallen die Ausbildung zum Maskenbildner absolvieren. Daraufhin habe ich knapp 10 Jahre am Schauspielhaus Z\u00fcrich gewirkt und in den ersten 5 Jahren davon noch parallel am Fernsehen in Leutschenbach gearbeitet \u2013 u.a. f\u00fcr Viktors Sp\u00e4tprogramm, Aeschbacher, die Tagesschau, diverse Sport- und Talksendungen.<br>2009 habe ich mich entschieden, nochmal was neues auszuprobieren und habe mich der Verkehrs- und Raumplanung gewidmet. Mit anfangs drei gegen Ende des Studiums vier Kinder zuhause habe ich Berufsbegleitend an der Fachhochschule Rapperswil (heute OST) den Studiengang Raum- und Verkehrsplanung absolviert. www.ost.ch<br><br>Seit Beginn des Studiums bin ich bei der asa AG in Rapperswil als Verkehrsplaner mit Spezialgebiet Fuss- und Veloverkehr sowie Strassenraumgestaltung und GIS-Anwendungen t\u00e4tig. Infos unter www.asaag.ch<br>Im Jahr 2018 habe ich mit Pro Velo und dem Velokurier SG die Arbeitsgemeinschaft VeloLink gegr\u00fcndet. <br>Infos unter www.velolink.ch<br>____<br>Nebenbei: Ich engagiere mich bei Pro Velo St.Gallen Appenzell. Als Gr\u00fcndungs- und Vorstandsmitglied durfte ich die letzen knapp 20 Jahre mitwirken und einiges ins Rollen bringen. In der Funktion als Experte Infrastruktur bin ich Teil einer st\u00e4ndigen Arbeitsgruppe, welche sich mit der Stadt, dem Kanton und ggf. auch mit anderen Gemeinden etc. austauscht. Freude bereitet mir vorallem auch das Engagement an Velokursen f\u00fcr Kinder, Jugendliche und Erwachsene. Events wie z.B. die Laufradolympiade, Pasta dia e bici, Solarkino etc. bereichern und beanspruchen ebenfalls meine Freizeit. <br>Infos zu Pro Velo St.Gallen Appenzell www.provelo.info<br>____<br>Hobbys: Velofahren, Biken, Wandern, Schwimmen, Standup-Padeln, Frisbee spielen etc., Reisen, Diskutieren und anderen Menschen begegnen.<br>____<br>Mitgliedschaften: Pro Velo St.Gallen Appenzell, Quartierverein Notkersegg, VCS, Mieterverband, UNIA, Verein FunPark, Schweizer Wanderwege und St.Galler Wanderwege und evtl. noch mehr\u2026 Mir ist die Unterst\u00fctzung von freiwilligem Engagement und der Einsatz f\u00fcr die Gesellschaft, die Natur und unseren Planeten ein wichtiges Anliegen!<\/a><\/div>\n<\/div>\n\n\n<div class=\"wp-block-image is-style-rounded wp-duotone-grayscale\">\n<figure class=\"alignleft size-large is-resized\"><img loading=\"lazy\" decoding=\"async\" width=\"1024\" height=\"768\" src=\"https:\/\/staedler.info\/wp-content\/uploads\/2024\/08\/3daa5bf1-e156-4758-bfa2-ee83855d2a79-1024x768.jpg\" alt=\"\" class=\"wp-image-17\" style=\"aspect-ratio:1;object-fit:cover;width:603px;height:auto\" srcset=\"https:\/\/staedler.info\/wp-content\/uploads\/2024\/08\/3daa5bf1-e156-4758-bfa2-ee83855d2a79-1024x768.jpg 1024w, https:\/\/staedler.info\/wp-content\/uploads\/2024\/08\/3daa5bf1-e156-4758-bfa2-ee83855d2a79-300x225.jpg 300w, https:\/\/staedler.info\/wp-content\/uploads\/2024\/08\/3daa5bf1-e156-4758-bfa2-ee83855d2a79-768x576.jpg 768w, https:\/\/staedler.info\/wp-content\/uploads\/2024\/08\/3daa5bf1-e156-4758-bfa2-ee83855d2a79-1536x1152.jpg 1536w, https:\/\/staedler.info\/wp-content\/uploads\/2024\/08\/3daa5bf1-e156-4758-bfa2-ee83855d2a79.jpg 2000w\" sizes=\"auto, (max-width: 1024px) 100vw, 1024px\" \/><\/figure>\n<\/div>\n\n<div class=\"wp-block-image is-style-rounded wp-duotone-grayscale\">\n<figure class=\"alignleft size-full is-resized\"><img loading=\"lazy\" decoding=\"async\" width=\"2560\" height=\"1920\" src=\"https:\/\/staedler.info\/wp-content\/uploads\/2024\/08\/IMG_2243-scaled.jpeg\" alt=\"\" class=\"wp-image-16\" style=\"aspect-ratio:1;object-fit:cover;width:603px\" srcset=\"https:\/\/staedler.info\/wp-content\/uploads\/2024\/08\/IMG_2243-scaled.jpeg 2560w, https:\/\/staedler.info\/wp-content\/uploads\/2024\/08\/IMG_2243-300x225.jpeg 300w, https:\/\/staedler.info\/wp-content\/uploads\/2024\/08\/IMG_2243-1024x768.jpeg 1024w, https:\/\/staedler.info\/wp-content\/uploads\/2024\/08\/IMG_2243-768x576.jpeg 768w, https:\/\/staedler.info\/wp-content\/uploads\/2024\/08\/IMG_2243-1536x1152.jpeg 1536w, https:\/\/staedler.info\/wp-content\/uploads\/2024\/08\/IMG_2243-2048x1536.jpeg 2048w\" sizes=\"auto, (max-width: 2560px) 100vw, 2560px\" \/><\/figure>\n<\/div><\/div><\/div>\n<\/div>\n<\/div><\/div>\n\n\n","protected":false},"excerpt":{"rendered":"","protected":false},"author":1,"featured_media":0,"parent":0,"menu_order":0,"comment_status":"closed","ping_status":"closed","template":"","meta":{"pagelayer_contact_templates":[],"_pagelayer_content":"","footnotes":""},"class_list":["post-14","page","type-page","status-publish","hentry"],"_links":{"self":[{"href":"https:\/\/staedler.info\/stadtparlamentswahlen-2024-michael\/wp-json\/wp\/v2\/pages\/14","targetHints":{"allow":["GET"]}}],"collection":[{"href":"https:\/\/staedler.info\/stadtparlamentswahlen-2024-michael\/wp-json\/wp\/v2\/pages"}],"about":[{"href":"https:\/\/staedler.info\/stadtparlamentswahlen-2024-michael\/wp-json\/wp\/v2\/types\/page"}],"author":[{"embeddable":true,"href":"https:\/\/staedler.info\/stadtparlamentswahlen-2024-michael\/wp-json\/wp\/v2\/users\/1"}],"replies":[{"embeddable":true,"href":"https:\/\/staedler.info\/stadtparlamentswahlen-2024-michael\/wp-json\/wp\/v2\/comments?post=14"}],"version-history":[{"count":6,"href":"https:\/\/staedler.info\/stadtparlamentswahlen-2024-michael\/wp-json\/wp\/v2\/pages\/14\/revisions"}],"predecessor-version":[{"id":38,"href":"https:\/\/staedler.info\/stadtparlamentswahlen-2024-michael\/wp-json\/wp\/v2\/pages\/14\/revisions\/38"}],"wp:attachment":[{"href":"https:\/\/staedler.info\/stadtparlamentswahlen-2024-michael\/wp-json\/wp\/v2\/media?parent=14"}],"curies":[{"name":"wp","href":"https:\/\/api.w.org\/{rel}","templated":true}]}}

<div class="wp-block-cover alignfull is-light has-small-font-size" style="margin-top:0;padding-top:6vw;padding-right:6vw;padding-bottom:6vw;padding-left:6vw"><span aria-hidden="true" class="wp-block-cover__background has-background-dim-100 has-background-dim" style="background-color:#eb4c77"></span><div class="wp-block-cover__inner-container is-layout-flow wp-block-cover-is-layout-flow">
<div class="wp-block-group is-content-justification-center is-layout-flex wp-container-core-group-is-layout-6546ee5a wp-block-group-is-layout-flex">
<div class="wp-block-group alignwide wp-container-content-ceb7f5b3 is-content-justification-left"><div class="wp-block-group__inner-container is-layout-constrained wp-container-core-group-is-layout-9aeb1ad9 wp-block-group-is-layout-constrained">
<h2 class="wp-block-heading alignwide has-text-align-left has-contrast-color has-text-color" style="font-size:90px;font-style:normal;font-weight:500;line-height:0.9;text-transform:none">STADT<br>PARLAMENTS<br>WAHLEN <br>2024</h2>



<div class="wp-block-group alignwide is-vertical is-layout-flex wp-container-core-group-is-layout-8cf370e7 wp-block-group-is-layout-flex">
<div style="height:0px" aria-hidden="true" class="wp-block-spacer wp-container-content-541a6b20"></div>



<figure class="wp-block-image size-large wp-duotone-grayscale"><img loading="lazy" decoding="async" width="1024" height="1024" src="https://staedler.info/wp-content/uploads/2024/08/Michael-Staedler-1-1024x1024.png" alt="" class="wp-image-19" srcset="https://staedler.info/wp-content/uploads/2024/08/Michael-Staedler-1-1024x1024.png 1024w, https://staedler.info/wp-content/uploads/2024/08/Michael-Staedler-1-300x300.png 300w, https://staedler.info/wp-content/uploads/2024/08/Michael-Staedler-1-150x150.png 150w, https://staedler.info/wp-content/uploads/2024/08/Michael-Staedler-1-768x768.png 768w, https://staedler.info/wp-content/uploads/2024/08/Michael-Staedler-1.png 1080w" sizes="auto, (max-width: 1024px) 100vw, 1024px" /></figure>
</div>



<p class="has-text-align-left has-contrast-color has-text-color has-medium-font-size"><strong>LISTE 1.23<br>WAHLEN STADT ST.GALLEN | 22. SEPTEMBER 2024</strong></p>



<p class="has-medium-font-size">Ich bin seit mehr als 20 Jahren mit der SP Stadt St.Gallen verbunden. Es freut mich, dass die Partei mir und den übrigen Kandidat:innen das Vertrauen ausgesprochen hat, ihre Werte für eine soziale, offene, ökologische, klimaverträgliche, solidarische, freie und demokratische Gesellschaft und eine Stadt für ALLE im Wahlkampf zu verteidigen. <br>Mir ist es ein Anliegen, dass die Politik und die Behörden einen Ausgleich zur aufkommenden neokapitalistischen und teilweise auch egoistischen Entwicklung in unserer Gesellschaft schaffen. <br>Das Parlament und der Stadtrat haben die Aufgabe, die Stadt und ihre Bevölkerung zu stärken und gute Rahmenbedingungen für ALLE zu gewährleisten. Hierfür möchte ich mich im Parlament einsetzen!<br></p>



<div class="wp-block-buttons is-content-justification-left is-nowrap is-layout-flex wp-container-core-buttons-is-layout-6447b855 wp-block-buttons-is-layout-flex">
<div class="wp-block-button has-custom-width wp-block-button__width-100 has-custom-font-size has-medium-font-size"><a class="wp-block-button__link has-text-align-left wp-element-button" style="border-radius:15px">ÜBER MICH<br>____<br>Alter: Ich bin 48 Jahre alt – Jahrgang 1976<br>____<br>Familie: Seit 18 Jahren verheiratet und Vater von vier Kindern 10, 15, 17, 19 Jahre)<br>____<br>Ausbildung und Arbeit: Ursprünglich habe ich eine Lehre als Coiffeure und nebenbei noch die BMS gestalterische Fachrichtung gemacht. Anschliessend durfte ich drei Jahre lang am Theater St.Gallen die Ausbildung zum Maskenbildner absolvieren. Daraufhin habe ich knapp 10 Jahre am Schauspielhaus Zürich gewirkt und in den ersten 5 Jahren davon noch parallel am Fernsehen in Leutschenbach gearbeitet – u.a. für Viktors Spätprogramm, Aeschbacher, die Tagesschau, diverse Sport- und Talksendungen.<br>2009 habe ich mich entschieden, nochmal was neues auszuprobieren und habe mich der Verkehrs- und Raumplanung gewidmet. Mit anfangs drei gegen Ende des Studiums vier Kinder zuhause habe ich Berufsbegleitend an der Fachhochschule Rapperswil (heute OST) den Studiengang Raum- und Verkehrsplanung absolviert. www.ost.ch<br><br>Seit Beginn des Studiums bin ich bei der asa AG in Rapperswil als Verkehrsplaner mit Spezialgebiet Fuss- und Veloverkehr sowie Strassenraumgestaltung und GIS-Anwendungen tätig. Infos unter www.asaag.ch<br>Im Jahr 2018 habe ich mit Pro Velo und dem Velokurier SG die Arbeitsgemeinschaft VeloLink gegründet. <br>Infos unter www.velolink.ch<br>____<br>Nebenbei: Ich engagiere mich bei Pro Velo St.Gallen Appenzell. Als Gründungs- und Vorstandsmitglied durfte ich die letzen knapp 20 Jahre mitwirken und einiges ins Rollen bringen. In der Funktion als Experte Infrastruktur bin ich Teil einer ständigen Arbeitsgruppe, welche sich mit der Stadt, dem Kanton und ggf. auch mit anderen Gemeinden etc. austauscht. Freude bereitet mir vorallem auch das Engagement an Velokursen für Kinder, Jugendliche und Erwachsene. Events wie z.B. die Laufradolympiade, Pasta dia e bici, Solarkino etc. bereichern und beanspruchen ebenfalls meine Freizeit. <br>Infos zu Pro Velo St.Gallen Appenzell www.provelo.info<br>____<br>Hobbys: Velofahren, Biken, Wandern, Schwimmen, Standup-Padeln, Frisbee spielen etc., Reisen, Diskutieren und anderen Menschen begegnen.<br>____<br>Mitgliedschaften: Pro Velo St.Gallen Appenzell, Quartierverein Notkersegg, VCS, Mieterverband, UNIA, Verein FunPark, Schweizer Wanderwege und St.Galler Wanderwege und evtl. noch mehr… Mir ist die Unterstützung von freiwilligem Engagement und der Einsatz für die Gesellschaft, die Natur und unseren Planeten ein wichtiges Anliegen!</a></div>
</div>


<div class="wp-block-image is-style-rounded wp-duotone-grayscale">
<figure class="alignleft size-large is-resized"><img loading="lazy" decoding="async" width="1024" height="768" src="https://staedler.info/wp-content/uploads/2024/08/3daa5bf1-e156-4758-bfa2-ee83855d2a79-1024x768.jpg" alt="" class="wp-image-17" style="aspect-ratio:1;object-fit:cover;width:603px;height:auto" srcset="https://staedler.info/wp-content/uploads/2024/08/3daa5bf1-e156-4758-bfa2-ee83855d2a79-1024x768.jpg 1024w, https://staedler.info/wp-content/uploads/2024/08/3daa5bf1-e156-4758-bfa2-ee83855d2a79-300x225.jpg 300w, https://staedler.info/wp-content/uploads/2024/08/3daa5bf1-e156-4758-bfa2-ee83855d2a79-768x576.jpg 768w, https://staedler.info/wp-content/uploads/2024/08/3daa5bf1-e156-4758-bfa2-ee83855d2a79-1536x1152.jpg 1536w, https://staedler.info/wp-content/uploads/2024/08/3daa5bf1-e156-4758-bfa2-ee83855d2a79.jpg 2000w" sizes="auto, (max-width: 1024px) 100vw, 1024px" /></figure>
</div>

<div class="wp-block-image is-style-rounded wp-duotone-grayscale">
<figure class="alignleft size-full is-resized"><img loading="lazy" decoding="async" width="2560" height="1920" src="https://staedler.info/wp-content/uploads/2024/08/IMG_2243-scaled.jpeg" alt="" class="wp-image-16" style="aspect-ratio:1;object-fit:cover;width:603px" srcset="https://staedler.info/wp-content/uploads/2024/08/IMG_2243-scaled.jpeg 2560w, https://staedler.info/wp-content/uploads/2024/08/IMG_2243-300x225.jpeg 300w, https://staedler.info/wp-content/uploads/2024/08/IMG_2243-1024x768.jpeg 1024w, https://staedler.info/wp-content/uploads/2024/08/IMG_2243-768x576.jpeg 768w, https://staedler.info/wp-content/uploads/2024/08/IMG_2243-1536x1152.jpeg 1536w, https://staedler.info/wp-content/uploads/2024/08/IMG_2243-2048x1536.jpeg 2048w" sizes="auto, (max-width: 2560px) 100vw, 2560px" /></figure>
</div></div></div>
</div>
</div></div>
